(b) = -178*b + 1401. Determine g(8).
-23
Let f(y) = y**3 + 9*y**2 - 286*y + 54. Determine f(-22).
54
Let l(p) = -15*p**2 + 16*p + 6. Give l(3).
-81
Let r(n) = 2*n**2 + 20*n - 814. Calculate r(16).
18
Let t(d) = -72*d - 720. Give t(-10).
0
Let u(y) = -35*y - 14. Give u(-2).
56
Let b(v) = -v**3 + 10*v**2 + 12*v - 15. Determine b(8).
209
Let w(x) = -616*x + 25247. What is w(41)?
-9
Let v(j) = -48*j**2 - 6*j - 2. Determine v(1).
-56
Let g(a) = -3*a**3 + 3*a**2 + 58*a - 15. Determine g(4).
73
Let u(x) = -10*x + 71. Give u(22).
-149
Let o(w) = -12*w**2 - 146*w - 55. Determine o(-12).
-31
Let v(q) = 3*q**2 + 16*q - 29. Give v(2).
15
Let n(q) = -q**2 - 10*q - 24. Determine n(-11).
-35
Let j(p) = 6*p + 114. Calculate j(-6).
78
Let s(v) = -2*v**3 + 437*v**2 - 286*v + 14844. What is s(218)?
20
Let l(g) = 2*g**2 + 65*g + 182. Determine l(-3).
5
Let t(o) = 8*o + 49. Give t(35).
329
Let x(f) = -974*f**2 - 3888*f + 9. Calculate x(-4).
-23
Let f(s) = 1124*s - 6904. Determine f(6).
-160
Let w(t) = 87*t - 2347. Calculate w(27).
2
Let h(x) = 6*x**3 + 53*x**2 + 138*x + 112. Determine h(-5).
-3
Let z(r) = 7*r**2 + 45*r - 19. What is z(0)?
-19
Let m(q) = q**3 + 29*q**2 + 93*q + 6. What is m(-25)?
181
Let q(b) = 7*b**3 + 79*b**2 - 56*b + 51. Give q(-12).
3
Let b(c) = -26*c - 172. What is b(-7)?
10
Let h(p) = p**3 + 8*p**2 - 147*p + 101. Give h(-17).
-1
Let a(y) = 246*y + 188. Determine a(0).
188
Let d(n) = -n**3 - n**2 - 2*n - 18. What is d(5)?
-178
Let y(g) = -3*g**2 - 53*g - 128. What is y(-15)?
-8
Let p(r) = 283*r - 2286. Calculate p(8).
-22
Let a(i) = -i**3 - 22*i**2 - 36*i + 49. Determine a(-20).
-31
Let b(l) = -l**3 + 8*l**2 + 29*l - 85. What is b(10)?
5
Let n(l) = -l**3 - 125*l**2 + 240*l - 1866. Give n(-127).
-88
Let i(j) = 2*j**3 + 18*j**2 - 332*j - 2984. Determine i(-9).
4
Let z(k) = -k**3 - 28*k**2 - 50*k - 618. Calculate z(-27).
3
Let a(g) = g**3 - 2*g**2 - 23*g + 48. Determine a(-5).
-12
Let v(h) = -9*h - 40. Give v(8).
-112
Let z(n) = 3*n**2 + 27*n + 66. Calculate z(-3).
12
Let s(n) = -n**3 + 15*n**2 - 34*n + 104. Calculate s(13).
0
Let n(d) = d**2 - 47*d + 528. Give n(27).
-12
Let z(o) = -2*o**3 + 77*o**2 + 23*o - 1. Determine z(39).
-625
Let a(t) = -2*t**3 + 29*t**2 - 74*t + 175. Determine a(12).
7
Let x(p) = -5*p**2 + 155*p - 655. Determine x(26).
-5
Let g(x) = x**2 + 106*x - 80131. What is g(235)?
4
Let d(n) = 78*n - 9525. Calculate d(122).
-9
Let z(u) = 28*u - 1107. Calculate z(39).
-15
Let y(s) = 21*s + 1317. Calculate y(-57).
120
Let r(v) = -3*v**2 + 5*v - 13. Calculate r(7).
-125
Let n(w) = w**2 - 123*w + 1625. Give n(108).
5
Let q(i) = 5*i**3 - 156*i**2 + 30*i + 35. What is q(31)?
4
Let k(h) = 2*h**2 + 159*h - 176. Calculate k(-77).
-561
Let d(i) = -i**3 - 32*i**2 + 69*i - 3. Calculate d(-34).
-37
Let h(q) = -3*q**2 - 124*q + 380. What is h(3)?
-19
Let z(i) = 40*i - 2260. Calculate z(56).
-20
Let t(r) = 3*r**3 + 33*r**2 + 68*r + 138. Give t(-9).
12
Let s(x) = x**3 - 10*x**2 - 7*x - 10. Calculate s(6).
-196
Let c(n) = -6*n**2 + 304*n + 93. Give c(51).
-9
Let v(c) = -2*c**3 + 51*c**2 + 33*c - 200. Determine v(26).
-18
Let y(t) = t**2 - 83*t - 178. Determine y(87).
170
Let m(u) = 20*u**2 - 21*u + 22. What is m(1)?
21
Let s(l) = 10229*l + 92090. Calculate s(-9).
29
Let d(x) = -2*x**2 - 21*x + 19. Calculate d(5).
-136
Let z(c) = -c**2 + 49*c + 331. Give z(-8).
-125
Let b(u) = 2*u**3 + 69*u**2 + 95*u - 106. What is b(-33)?
26
Let z(d) = -d**2 + 45*d + 187. Determine z(49).
-9
Let z(f) = -587*f**3 + 3*f**2 + 3*f + 3. Calculate z(-1).
590
Let m(i) = 201*i - 1592. Give m(8).
16
Let s(f) = 2*f - 61. Determine s(-8).
-77
Let a(l) = 19*l - 721. What is a(18)?
-379
Let i(y) = -y**3 + 24*y**2 + 90*y - 237. Determine i(27).
6
Let g(b) = -b + 4. Determine g(4).
0
Let q(y) = 2*y**3 - 128*y**2 - 402*y - 7. Calculate q(67).
-7
Let q(a) = a**3 + 75*a**2 + 354*a + 261. Determine q(-70).
-19
Let d(z) = -z**2 - 250*z - 15618. Give d(-123).
3
Let i(n) = -2*n**2 - 107*n - 1358. What is i(-29)?
63
Let k(a) = 1813*a + 30808. Give k(-17).
-13
Let f(s) = -2*s**2 + 72*s - 71. Give f(35).
-1
Let o(z) = 6*z**2 + 120*z - 121. Calculate o(1).
5
Let b(z) = -23*z + 14. Calculate b(0).
14
Let q(h) = 2*h**3 - 310*h**2 + 285*h + 3556. What is q(154)?
14
Let f(w) = -9*w**2 + 11*w + 22. What is f(-2)?
-36
Let l(b) = -2*b**3 - 244*b**2 - 485*b - 592. Give l(-120).
8
Let s(a) = a + 57. Calculate s(30).
87
Let o(v) = -v**3 - 52*v**2 - 17*v - 880. What is o(-52)?
4
Let l(f) = 14*f - 42. Give l(-3).
-84
Let m(s) = 76*s - 2664. What is m(35)?
-4
Let s(q) = 10*q**2 - 2*q + 25. Calculate s(-3).
121
Let m(d) = d**3 - 7*d**2 + 22*d - 76. What is m(6)?
20
Let v(n) = 2*n**2 + 121*n + 158. What is v(-58)?
-132
Let m(q) = -q**3 + 92*q**2 + q - 85. Determine m(92).
7
Let o(g) = 2*g**3 + 96*g**2 + 863*g - 10. Calculate o(-36).
26
Let h(m) = 2*m**2 + 62. Determine h(-5).
112
Let x(m) = -9*m**3 - 201*m**2 - 68*m - 50. Give x(-22).
-6
Let q(w) = -w**3 + 4*w**2 + 8*w + 8. What is q(-6)?
320
Let u(b) = -4*b**2 + 7*b + 35. Calculate u(4).
-1
Let l(n) = 8*n**2 - 412*n + 2926. Give l(43).
2
Let z(p) = -7*p**2 - 787*p + 1257. Give z(-114).
3
Let d(s) = 2*s**2 + 57*s - 195. What is d(-32)?
29
Let o(n) = n**3 - 28*n**2 - 247*n - 5. Determine o(-7).
9
Let h(r) = 23*r - 1133. Give h(50).
17
Let z(q) = -8*q + 22. Give z(5).
-18
Let u(o) = 354*o - 9602. What is u(27)?
-44
Let o(x) = -x**2 - 23*x + 214. What is o(-26)?
136
Let c(s) = s**3 + 31*s**2 + 234*s + 12. What is c(-16)?
108
Let v(z) = 2*z**2 - 181*z - 10773. What is v(-41)?
10
Let n(i) = -12*i + 319. Determine n(33).
-77
Let v(p) = 5*p**3 - 26*p**2 - 14*p + 89. What is v(5)?
-6
Let m(v) = 2*v**2 - 54*v + 325. Calculate m(20).
45
Let v(p) = -11*p + 110. Give v(6).
44
Let g(c) = c**3 + 446*c**2 - 3156*c - 108. Give g(7).
-3
Let x(h) = -2*h**3 - 3*h**2 + 30*h + 11. Give x(-6).
155
Let t(q) = -8*q + 279. Determine t(36).
-9
Let m(s) = s**3 - 9*s**2 + 538*s - 3663. Determine m(7).
5
Let s(p) = 2*p**3 - 11*p**2 - 11*p + 28. Calculate s(6).
-2
Let k(d) = 78*d - 157. Determine k(2).
-1
Let p(c) = -110*c - 676. What is p(-4)?
-236
Let s(l) = 2*l**2 + 58*l + 397. Give s(-15).
-23
Let x(t) = t**3 - 284*t**2 - 10*t + 2843. Calculate x(284).
3
Let p(c) = -15*c**2 - 65*c - 130. Give p(-2).
-60
Let m(v) = 25*v**2 - 129*v - 3. Determine m(10).
1207
Let r(g) = 8*g**3 + 22*g**2 - 224*g + 26. Calculate r(4).
-6
Let d(g) = -46*g - 469. Calculate d(-10).
-9
Let z(n) = -n**3 - n**2 - 5*n - 13. Give z(0).
-13
Let m(g) = -g**3 - 15*g**2 - 27*g - 60. Calculate m(-13).
-47
Let b(i) = -3*i**2 - 44*i + 527. Calculate b(8).
-17
Let k(m) = -4*m**2 - 175*m - 349. What is k(-2)?
-15
Let l(t) = 167*t - 2813. Calculate l(17).
26
Let l(x) = -x + 157. Give l(-9).
166
Let b(k) = -8*k + 623. What is b(96)?
-145
Let b(g) = 187*g**2 + 76*g - 75. What is b(1)?
188
Let m(t) = 3*t - 144. Calculate m(57).
27
Let c(o) = -5*o**3 - 6*o**2 - o + 1. Give c(-4).
229
Let v(r) = 218*r + 141. What is v(1)?
359
Let h(n) = -n**2 - 35*n + 255. Calculate h(7).
-39
Let n(z) = z**3 - 4*z**2 + 5*z + 29. What is n(0)?
29
Let t(l) = l**3 + 11*l + 53. What is t(0)?
53
Let k(l) = -24*l - 61. Give k(-8).
131
Let f(g) = -34*g - 777. Determine f(-23).
5
Let c(t) = 72*t + 491. Calculate c(-5).
131
Let k(q) = -q**3 - 24*q**2 - 25*q + 20. What is k(-23)?
66
Let h(l) = 3*l**2 - 677*l - 234. Calculate h(226).
-8
Let a(v) = v**3 + 48*v**2 - 48*v + 113. Calculate a(-49).
64
Let b(i) = -i**3 + 2*i**2 + i + 1. What is b(1)?
3
Let q(u) = 3*u**2 - 5*u - 372. What is q(-10)?
-22
Let k(g) = 2*g**2 + 55*g - 64. Determine k(-28).
-36
Let z(d) = -249*d**3 + 3*d**2 + d - 1. Determine z(-1).
250
Let z(k) = 35*k**2 - 493*k + 44. Give z(14).
2
Let j(c) = c**3 + 17*c**2 + 31*c - 6. Give j(-15).
-21
Let o(b) = 2*b**2 + 30*b + 150. What is o(-18)?
258
Let v(w) = 102*w + 311. What is v(-4)?
-97
Let m(t) = -5*t**3 - 2*t**2 + 9*t - 3. Calculate m(3).
-129
Let m(g) = -g**3 - 10*g**2 - 3*g + 20. Determine m(-6).
-106
Let z(p) = -3*p**2 - 116*p - 78. Calculate z(-38).
-2
Let a(b) = b**3 - 27*b**2 + 10*b - 270. Give a(27).
0
Let t(v) = -v**2 - 58*v - 12. Give t(0).
-12
Let t(i) = 212*i**2 - 1516*i + 215. Determine t(7).
-9
Let p(c) = 2*c**3 - 7*c + 1. What is p(6)?
391
Let l(j) = -49*j + 9. What is l(-7)?
352
Let l(h) = 20*h**3 - 680*h**2 - h + 26